{"id":57433,"date":"2018-06-23T10:42:22","date_gmt":"2018-06-23T10:42:22","guid":{"rendered":"http:\/\/proves.seminaritaifa.org\/?page_id=57433"},"modified":"2021-03-10T19:37:20","modified_gmt":"2021-03-10T19:37:20","slug":"taifa-a-discrecio","status":"publish","type":"page","link":"https:\/\/seminaritaifa.org\/taifa\/publicacions\/llibres\/taifa-a-discrecio\/","title":{"rendered":"Taifa a discreci\u00f3! Reflexions cr\u00edtiques per a l&#8217;acci\u00f3"},"content":{"rendered":"<div class=\"flex_column av_one_third  flex_column_div av-zero-column-padding first  avia-builder-el-0  el_before_av_two_third  avia-builder-el-first  \" style='border-radius:0px; '><p><div  class='avia-image-container  av-styling-    avia-builder-el-1  el_before_av_image  avia-builder-el-first  avia-align-center '  itemprop=\"image\" itemscope=\"itemscope\" itemtype=\"https:\/\/schema.org\/ImageObject\"  ><div class='avia-image-container-inner'><div class='avia-image-overlay-wrap'><img decoding=\"async\" class='wp-image-60052 avia-img-lazy-loading-not-60052 avia_image' src=\"https:\/\/seminaritaifa.org\/taifa\/wp-content\/uploads\/2021\/02\/taifadiscrecio-copia-212x300-1.jpg\" alt='Taifa A Discreci\u00f3' title='Taifa A Discreci\u00f3' height=\"300\" width=\"212\"  itemprop=\"thumbnailUrl\"  \/><\/div><\/div><\/div><br \/>\n<div  class='avia-image-container  av-styling-    avia-builder-el-2  el_after_av_image  el_before_av_button  avia-align-center '  itemprop=\"image\" itemscope=\"itemscope\" itemtype=\"https:\/\/schema.org\/ImageObject\"  ><div class='avia-image-container-inner'><div class='avia-image-overlay-wrap'><img decoding=\"async\" class='wp-image-0 avia-img-lazy-loading-not-0 avia_image' src=\"http:\/\/proves.seminaritaifa.org\/files\/2014\/06\/taifadiscrecio-copia-212x300.jpg\" alt='' title=''   itemprop=\"thumbnailUrl\"  \/><\/div><\/div><\/div><br \/>\n<div  class='avia-button-wrap avia-button-center  avia-builder-el-3  el_after_av_image  el_before_av_button ' ><a href='\/taifa\/wp-content\/uploads\/2021\/02\/Taifa-a-discrecio.pdf' class='avia-button  avia-color-theme-color   avia-icon_select-yes-left-icon avia-size-large avia-position-center ' target=\"_blank\" rel=\"noopener noreferrer\"><span class='avia_button_icon avia_button_icon_left ' aria-hidden='true' data-av_icon='\ue84e' data-av_iconfont='entypo-fontello'><\/span><span class='avia_iconbox_title' >PDF<\/span><\/a><\/div><br \/>\n<div  class='avia-button-wrap avia-button-center  avia-builder-el-4  el_after_av_button  avia-builder-el-last ' ><a href='\/taifa\/wp-content\/uploads\/2021\/03\/Taifa-a-discrecio.epub' class='avia-button  avia-color-theme-color   avia-icon_select-yes-left-icon avia-size-large avia-position-center ' target=\"_blank\" rel=\"noopener noreferrer\"><span class='avia_button_icon avia_button_icon_left ' aria-hidden='true' data-av_icon='\ue84f' data-av_iconfont='entypo-fontello'><\/span><span class='avia_iconbox_title' >epub<\/span><\/a><\/div><\/p><\/div><div class=\"flex_column av_two_third  flex_column_div av-zero-column-padding   avia-builder-el-5  el_after_av_one_third  avia-builder-el-last  \" style='border-radius:0px; '><section class=\"av_textblock_section \"  itemscope=\"itemscope\" itemtype=\"https:\/\/schema.org\/CreativeWork\" ><div class='avia_textblock  '   itemprop=\"text\" ><h2>Taifa a discreci\u00f3! Reflexions cr\u00edtiques per a l&#8217;acci\u00f3.<\/h2>\n<p>En motiu de la celebraci\u00f3 del 20\u00e9 aniversari de Taifa, hem fet una recopilaci\u00f3 d\u2019articles publicats en premsa i revistes per part de membres del seminari Taifa en els darrers anys. El recull creiem que constitueix una panor\u00e0mica d\u2019aquests anys de crisi econ\u00f2mica des del prisma cr\u00edtic del seminari Taifa.<\/p>\n<h3>Continguts<\/h3>\n<div>1 Introducci\u00f3 Seminari Taifa: 20 anys d&#8217;economia cr\u00edtica per la transformaci\u00f3<\/div>\n<div>Part 1. De la crisi al rescat dels poderosos &#8230; 10<\/div>\n<div class=\"page\" data-page-number=\"6\" data-loaded=\"true\"><\/div>\n<div>Part 2. L&#8217;economia real, el m\u00f3n del treball &#8230; 143<\/div>\n<div>Part 3. Sector p\u00fablic en deconstrucci\u00f3. Retallades i privatitzaci\u00f3ns. &#8230; 175<\/div>\n<div>Part 4. Europa: la UE davant la crisi &#8230; 220<\/div>\n<div>Part 5. L&#8217;Economia Ortodoxa davant la crisi &#8230; 275<\/div>\n<section class=\"linkAnnotation\" data-annotation-id=\"1230R\"><\/section>\n<section class=\"linkAnnotation\" data-annotation-id=\"1231R\"><\/section>\n<section class=\"linkAnnotation\" data-annotation-id=\"1232R\"><\/section>\n<section class=\"linkAnnotation\" data-annotation-id=\"1233R\"><\/section>\n<section class=\"linkAnnotation\" data-annotation-id=\"1234R\"><\/section>\n<section class=\"linkAnnotation\" data-annotation-id=\"1235R\"><\/section>\n<p><strong>\u00a0<\/strong><\/p>\n<\/div><\/section><\/div><\/p>\n","protected":false},"excerpt":{"rendered":"","protected":false},"author":5,"featured_media":80,"parent":57375,"menu_order":0,"comment_status":"closed","ping_status":"closed","template":"","meta":{"footnotes":""},"class_list":["post-57433","page","type-page","status-publish","has-post-thumbnail","hentry"],"jetpack_sharing_enabled":true,"_links":{"self":[{"href":"https:\/\/seminaritaifa.org\/taifa\/wp-json\/wp\/v2\/pages\/57433","targetHints":{"allow":["GET"]}}],"collection":[{"href":"https:\/\/seminaritaifa.org\/taifa\/wp-json\/wp\/v2\/pages"}],"about":[{"href":"https:\/\/seminaritaifa.org\/taifa\/wp-json\/wp\/v2\/types\/page"}],"author":[{"embeddable":true,"href":"https:\/\/seminaritaifa.org\/taifa\/wp-json\/wp\/v2\/users\/5"}],"replies":[{"embeddable":true,"href":"https:\/\/seminaritaifa.org\/taifa\/wp-json\/wp\/v2\/comments?post=57433"}],"version-history":[{"count":3,"href":"https:\/\/seminaritaifa.org\/taifa\/wp-json\/wp\/v2\/pages\/57433\/revisions"}],"predecessor-version":[{"id":60863,"href":"https:\/\/seminaritaifa.org\/taifa\/wp-json\/wp\/v2\/pages\/57433\/revisions\/60863"}],"up":[{"embeddable":true,"href":"https:\/\/seminaritaifa.org\/taifa\/wp-json\/wp\/v2\/pages\/57375"}],"wp:featuredmedia":[{"embeddable":true,"href":"https:\/\/seminaritaifa.org\/taifa\/wp-json\/wp\/v2\/media\/80"}],"wp:attachment":[{"href":"https:\/\/seminaritaifa.org\/taifa\/wp-json\/wp\/v2\/media?parent=57433"}],"curies":[{"name":"wp","href":"https:\/\/api.w.org\/{rel}","templated":true}]}}